{"id":33,"date":"2017-09-18T17:38:21","date_gmt":"2017-09-18T15:38:21","guid":{"rendered":"http:\/\/schmerztherapie-nenndorf.de\/?page_id=33"},"modified":"2021-09-18T16:57:59","modified_gmt":"2021-09-18T14:57:59","slug":"anfahrt","status":"publish","type":"page","link":"https:\/\/medizinkompetenz-fischbeck.de\/?page_id=33","title":{"rendered":"Anfahrt"},"content":{"rendered":"<p><iframe loading=\"lazy\" style=\"border: 0;\" src=\"https:\/\/www.google.com\/maps\/embed?pb=!1m14!1m8!1m3!1d3247.6754191494656!2d9.2985733946186!3d52.14313589475758!3m2!1i1024!2i768!4f13.1!3m3!1m2!1s0x47ba88bf90b21953%3A0x49f33abf877b5aea!2sDammstra%C3%9Fe%2019%2C%2031840%20Hessisch%20Oldendorf!5e0!3m2!1sde!2sde!4v1631804195969!5m2!1sde!2sde\" width=\"800\" height=\"600\" allowfullscreen=\"allowfullscreen\"><\/iframe><\/p>\n<p>Parkpl\u00e4tze:<br \/>Auf der Gr\u00fcnfl\u00e4che hinter dem Haus sind kostenfreie Parkpl\u00e4tze vorhanden.<\/p>\n\n\n<p><\/p>\n","protected":false},"excerpt":{"rendered":"<p>Parkpl\u00e4tze:Auf der Gr\u00fcnfl\u00e4che hinter dem Haus sind kostenfreie Parkpl\u00e4tze vorhanden.<\/p>\n","protected":false},"author":1,"featured_media":0,"parent":0,"menu_order":4,"comment_status":"closed","ping_status":"closed","template":"","meta":{"_eb_attr":"","footnotes":""},"class_list":["post-33","page","type-page","status-publish","hentry"],"_links":{"self":[{"href":"https:\/\/medizinkompetenz-fischbeck.de\/index.php?rest_route=\/wp\/v2\/pages\/33","targetHints":{"allow":["GET"]}}],"collection":[{"href":"https:\/\/medizinkompetenz-fischbeck.de\/index.php?rest_route=\/wp\/v2\/pages"}],"about":[{"href":"https:\/\/medizinkompetenz-fischbeck.de\/index.php?rest_route=\/wp\/v2\/types\/page"}],"author":[{"embeddable":true,"href":"https:\/\/medizinkompetenz-fischbeck.de\/index.php?rest_route=\/wp\/v2\/users\/1"}],"replies":[{"embeddable":true,"href":"https:\/\/medizinkompetenz-fischbeck.de\/index.php?rest_route=%2Fwp%2Fv2%2Fcomments&post=33"}],"version-history":[{"count":8,"href":"https:\/\/medizinkompetenz-fischbeck.de\/index.php?rest_route=\/wp\/v2\/pages\/33\/revisions"}],"predecessor-version":[{"id":512,"href":"https:\/\/medizinkompetenz-fischbeck.de\/index.php?rest_route=\/wp\/v2\/pages\/33\/revisions\/512"}],"wp:attachment":[{"href":"https:\/\/medizinkompetenz-fischbeck.de\/index.php?rest_route=%2Fwp%2Fv2%2Fmedia&parent=33"}],"curies":[{"name":"wp","href":"https:\/\/api.w.org\/{rel}","templated":true}]}}